(27 + -23).
6
(5 - 7) + 0 + -6 + 3
-5
Calculate (-8 - -7) + 3 + -1.
1
What is -11 + 2 + (1 - -3)?
-5
Evaluate -2 - 2 - (3 - 7).
0
What is the value of (-2 - 2) + (4 + -7 - -10)?
3
What is the value of (-1 - -2) + (10 - 11)?
0
Evaluate -1 + (-7 - -6 - (0 + -4)).
2
What is (4 - (3 - 7 - -12)) + 3?
-1
What is the value of 7 - (1 - (2 + -5))?
3
What is the value of -1 + -10 - (24 + -25)?
-10
(4 - 13) + 15 + 4
10
(1 - 7) + (0 - (9 - 10))
-5
Evaluate 4 - (-7 + -1 + 6 + 0).
6
Evaluate -6 + -1 - ((0 - 5) + 2).
-4
(-11 - -5) + 4 + 0 + -2
-4
Evaluate -4 - (3 - (8 + -7)) - 3.
-9
Evaluate -7 - (-3 - -3 - 2).
-5
What is the value of 0 + -10 + (-61 - -68)?
-3
Calculate 5 + (-1 - 0) - (-2 - -4).
2
What is -2 - (4 - 5) - -6?
5
What is 8 - 16 - (-1 - 3)?
-4
Evaluate -1 - ((-2 - 3) + 3) - 1.
0
(1 - (-6 + 4 + 0)) + 1
4
4 + -1 + -7 + 4
0
Calculate 0 + (3 - 0 - 5).
-2
0 + 2 + (-3 - (-1 + 1))
-1
Evaluate -5 - (-3 - (-2 + 2)).
-2
(-2 - (-4 + 1)) + 3
4
Calculate 1 + -1 - (-3 - 1).
4
4 - ((5 + -1 - 7) + 9)
-2
What is the value of 4 - ((6 - 3) + (2 - -2))?
-3
What is the value of (1 - 1) + (10 - 5)?
5
Evaluate 7 - (5 - 6) - 15.
-7
What is -2 + 1 - (-1 - 3 - -4)?
-1
What is the value of (20 - 23) + 0 + 3 + 3?
3
9 + (-14 - -7) + 3
5
What is the value of 0 + 0 - ((-1 - -2) + -5)?
4
Calculate (-8 - -2) + (3 - -8).
5
Evaluate -2 + 7 + -7 + (1 - -5).
4
(4 - 0) + (-3 - 3) + 1
-1
What is (20 - (-4 - -14)) + -10?
0
-1 - 1 - (-7 - -8)
-3
Calculate -3 + (6 + 0 - 9).
-6
Evaluate (1 - 6) + -2 - (-18 - -8).
3
Calculate 4 + (-14 + 7 - 1 - -3).
-1
What is the value of 1 - (0 - -4) - 0?
-3
What is the value of 0 - 3 - (1 - (-2 + 7))?
1
What is the value of 0 + (2 - 4) + 0?
-2
What is 4 - 7 - (-2 + 6)?
-7
Calculate (2 - 2) + -4 - (-381 - -382).
-5
What is 7 + -4 + -18 + 9?
-6
What is the value of 2 - ((4 - -1) + (49 - 47))?
-5
Calculate -6 - -1 - (3 + -5 + 4).
-7
Evaluate (-2 - -1) + 6 - (54 - 50).
1
Calculate -11 - -8 - -9 - 7.
-1
Evaluate (7 - (2 - -5)) + -4.
-4
3 - (-1 - (2 - (-2 + 5)))
3
Calculate -5 + (-4 - (-9 - 0)) + 6.
6
(-7 - -3) + 9 - 0
5
Calculate (0 - 2) + (11 + -5 - 1).
3
Evaluate (11 - 10) + (-1 - -3) - -1.
4
What is the value of 9 + (6 - 17) - (0 + 3)?
-5
Calculate -11 - ((-10 - -1) + 7).
-9
Calculate 8 - (-4 - (-2 + -5)).
5
What is (7 - (5 + -2)) + -1?
3
What is the value of -6 + -4 + 15 + -6?
-1
(8 - -4) + -5 + (4 - 2)
9
What is the value of -4 + 9 + -3 - -2?
4
Evaluate (-8 + 1 - -17) + -7.
3
What is -3 + 0 + (-3 - -4 - -1)?
-1
-13 - -11 - (0 + 1 + 2)
-5
Evaluate -5 - (6 + (-25 - -11)).
3
Evaluate 18 + (1 - (5 + 6)).
8
Evaluate 6 - (4 + (-2 - -2)).
2
Evaluate 14 - (7 + 0 - -3).
4
Calculate (11 - 0 - 11) + (0 - 0).
0
What is 2 + (-1 + -1 - -2)?
2
Calculate 10 - 11 - (-6 - 2).
7
0 - (-2 + (9 - (4 + -1)))
-4
Evaluate 4 + -10 + -9 + 5 + 5.
-5
What is -16 + 10 + 11 + -12?
-7
What is 9 - (2 - (5 + -9))?
3
What is the value of -2 + -1 + (0 - -4) + -4?
-3
What is the value of (-5 + -1 - 0) + 6?
0
Calculate (-6 - (-10 - -7)) + 3 + 1.
1
What is the value of (-8 - (0 - 3)) + 0 + 10?
5
Evaluate 1 + 10 - (29 - 24).
6
Calculate 0 + (-5 - -3 - (3 - -1)).
-6
What is the value of (-1 - (0 - -7) - -7) + -3?
-4
What is -2 - (-5 - 1) - 4 - -4?
4
Evaluate (-7 - (-7 + -6)) + -1 - 6.
-1
-12 - (1 + -5 + (-1 - -1))
-8
Calculate 0 + 4 + (-3 - 2).
-1
What is (4 - (0 + 1) - 3) + 3?
3
What is the value of -1 - (1 - -2) - (1 + -4)?
-1
7 - -1 - (26 - 27)
9
What is 33 - 37 - (1 - (0 + 5))?
0
Evaluate 5 + -11 + 1 + 10.
5
What is the value of 23 - 23 - (3 + 0)?
-3
What is the value of (-2 - 2) + 1 + 5 - 3?
-1
Evaluate (5 - 0) + -5 + (3 - 2).
1
Calculate 0 - (0 - 2) - (-2 - -1).
3
Evaluate 3 - ((-4 - (-6 - -3)) + 11).
-7
-3 - (3 - (-4 - -7))
-3
What is 3 + 2 + (5 + -8 - 0)?
2
(-4 - (-6 + 1)) + 3
4
What is the value of -1 - -11 - (0 + 5 + -4)?
9
0 + 2 + 3 - 13
-8
(-3 - -3) + -7 + 6
-1
Calculate -5 - (-9 + 9 + 0 + -8).
3
What is the value of 0 + 5 - (5 - (-2 - -7))?
5
-2 + -3 + (-1 - (9 - 5))
-10
0 + 1 + -4 + 3
0
Calculate (-6 - 2) + 5 - -6.
3
What is -8 - (-3 + -1 + -7)?
3
(21 - 17) + -3 + 3
4
What is 7 - 4 - (10 + -5)?
-2
Evaluate (-8 - (-1 + -3 + -2)) + -1.
-3
What is (-7 - (5 + 0 + -7)) + 6?
1
What is (-5 - -5) + (-5 - -1) - -3?
-1
What is the value of -8 + (9 - 14 - -7)?
-6
10 + 0 + -2 + -6
2
Evaluate (3 - (1 - -4)) + -3.
-5
What is (-2 + 0 - (0 - 4)) + -6?
-4
What is the value of 2 + (6 - 14) + (1 - 0)?
-5
What is the value of 0 - (-6 - (-1 + 3 + -2))?
6
Evaluate 7 + (-1 - (-1 - (2 + -5))).
4
-6 + -4 + 7 + 7
4
Evaluate (2 + -1 - -2) + -8.
-5
What is the value of 3 + 12 + 2 + -11?
6
Calculate (-7 - -1) + -11 + 14.
-3
11 - (1 + -14 - -14)
10
What is the value of -6 + (-3 - -2) + 11?
4
5 + -1 + -8 + 10 + -5
1
-4 + (-4 + 3 - -2)
-3
What is the value of 11 - (1 + -1 + 11)?
0
What is the value of -6 + 4 + (3 - 7)?
-6
Evaluate -3 - 3 - -1 - -1 - -5.
1
What is -4 + -1 - (20 + -1 + -13)?
-11
What is the value of -1 + (-12 - -22) + -12?
-3
What is the value of -9 - (-10 + -2 + 10)?
-7
What is the value of -4 + 19 - (2 - -7)?
6
(15 - 11) + (-2 - -2)
4
Evaluate -2 - (-13 + 12 - (1 - -1)).
1
What is 2 - 2 - 2 - (-16 + 10)?
4
1 + (3 - 0) + 1
5
1 + -2 + 0 - (0 - 0)
-1
What is (-13 - (-24 - -7)) + 0 + 0?
4
Calculate 8 - 10 - (2 - (0 - -1)).
-3
Calculate (2 + -6 - 2) + (8 - 9).
-7
What is the value of -1 + 3 + 6 + (-8 - 1)?
-1
Calculate -2 + (4 - 2) - -5.
5
Evaluate -8 + -4 + 8 - -1.
-3
-3 + (3 - 2) - -6
4
Evaluate -10 + 11 - -5 - (-1 - -9).
-2
4 - (4 + -7 + 5)
2
(5 + -1 - -1) + (102 - 109)
-2
What is the value of -6 - (-6 - -2) - (1 + 0)?
-3
-14 - (11 + -10 - 13)
-2
2 + -2 + -2 + -1
-3
Calculate 18 - 11 - (6 + -4).
5
Evaluate -7 + -1 + 4 + 5 - 3.
-2
Calculate -2 + 3 + -2 + -3 + 2.
-2
Calculate (-3 - (-6 - -8)) + 9.
4
Calculate 13 + -1 + -2 - 10.
0
What is 12 - (0 - -5 - (-4 + 6))?
9
Evaluate 0 - (-5 + 10 + 4 + -6).
-3
What is the value of -8 - (0 + -5 + -1)?
-2
Calculate -4 - (9 + -16 - -9).
-6
What is the value of -2 + (-1 - -2 - 3) - -2?
-2
Calculate 1 + -5 - ((-9 - 7) + 17).
-5
Evaluate -6 - -2 - (-5 + 10 + -5).
-4
Evaluate 0 - 10 - -4 - -4.
-2
What is the value of 5 + (-6 + -5 + -1 - -6)?
-1
What is the value of -10 + (4 - 5) + 8?
-3
0 + -2 + 1 + 4 + 1
4
Evaluate 5 - (-1 - (1 + -3)).
4
Evaluate -3 + 0 - -7 - (-60 - -65).
-1
What is the value of 8 - 2 - (1 + 3 + -2)?
4
Calculate (-1 + 10 - 7) + -3 + -1.
-2
Calculate -13 - (6 + -2 + -12).
-5
Evaluate 2 - (-4 + 0 - -4).
2
What is the value of 10 + -5 - (-8 + -2 + 11)?
4
What is 1 + 6 - ((0 - 0) + 3)?
4
Calculate (-2 - (-4 + 7)) + 3.
-2
Evaluate 23 + -10 + -8 - (8 + -4).
1
-6 + (-5 - (-20 + 5 + 3))
1
-1 + 8 - (3 - -1)
3
Evaluate (-3 - -2 - -4) + (-6 - -2).
-1
Evaluate 3 + (-5 - 1 - (-3 - 2)).
2
Calculate -1 + 6 - 7 - 3.
-5
What is the value of -1 + (3 - 6) + 0?
-4
What is the value of -1 + 3 - (-19 - -22) - -2?
1
What is the value of -3 + -1 - (-7 + 1)?
2
Evaluate (4 - (6 - 0)) + -1 + -2.
-5
What is the value of (1 - -7) + -11 + 9?
6
1 - (11 - 3 - 4) - -5
2
(1 + 2 - 10) + 2
-5
1 - (-10 + 3) - (4 - 5)
9
What is the value of (-2 + 2 - -4) + 0 + 1?
5
-1 + -3 - (0 + -3)
-1
Calculate -4 - (5 - 1) - -14.
6
What is the value of 11 - 2 - (-11 - -19 - 3)?
4
What is the value of -5 + 16 + -10 - (5 + -1)?
-3
Calculate -4 + (-8 - -7 - 1).
-6
Calculate -11 + 9 + (-4 - 0).
-6
What is the value of -2 + 1 - -4 - -1?
4
Calculate -5 + -4 + 7 + 0 + 6.
4
Calculate (0 - -3) + (-3 - 6) + 3.
-3
What is the value of 2 - (-1 - -1) - 2?
0
0 + 0 - (-5 + 3 + 4)
-2
What is 13 + -16 - (1 + -3) - 1?
-2
What is (0 - 1 - (5 - 1)) + 7?
2
4 + -3 + -1 + 1
1
Evaluate 5 - (14 + (-3 - 4) + 8).
-10
Evaluate -12 - (3 + -12 + 1).
-4
-9 + 8 + (4 - 2) - -5
6
What is -10 + -3 + 4 + 11?
2
What is the value of 6 + -4 - 2 - (1 - 1)?
0
What is -5 - 0 - -12 - (3 + -1)?
5
What is (8 - 3 - 10) + -1?
-6
Evaluate 3 + -10 + 4 - (-4 - -7).
-6
Calculate -13 - -14 - (3 + 3 + -3).
-2
Calculate 2 - 7 - (-4 - 1 - -1).
-1
(-5 - (-7 - (-9 - -7))) + -2
-2
What is the value of (-3 - -5) + 6 + -5?
3
Calculate 10 - 16 - (-9 - -6).
-3
Calculate (-6 - -6) + (4 - 2).
2
Evaluate -3 + 2 + (0 - -1).
0
0 - 4 - (4 - 6)
-2
Calculate 5 - 5 - (6 - 3).
-3
Calculate 19 + -20 - ((3 - 1) + -4).
1
(0 - 5) + (1 - -8)
4
Calculate 1 + (-3 + 1 - (2 - 1)).
-2
What is the value of 0 + 1 + 1 + 2 + -8?
-4
Evaluate -4 - -2 - (-1 + 2).
-3
4 + 3 + (8 - 